{"id":1322,"date":"2025-08-07T11:39:38","date_gmt":"2025-08-07T09:39:38","guid":{"rendered":"https:\/\/wbv-trebel.wbv-mv.de\/?page_id=1322"},"modified":"2025-08-08T11:59:28","modified_gmt":"2025-08-08T09:59:28","slug":"gewaesserunterhaltung","status":"publish","type":"page","link":"https:\/\/wbv-trebel.wbv-mv.de\/?page_id=1322","title":{"rendered":"Gew\u00e4sserunterhaltung"},"content":{"rendered":"\n<p>Hier ist die geplante maschinelle Krautung der Gew\u00e4sser (2025), aufgegliedert nach Losen, einzusehen.<\/p>\n\n\n\n<p>Die sonstige Krautung (Handkrautung, Krautung mit Minibagger, Krautung in den Naturschutzgebieten) sowie weitere Unterhaltungsma\u00dfnahmen (u. a. Holzung, R\u00e4umung, Reparaturen an Rohrleitungen und B\u00f6schungen) sind nicht dargestellt. Hierbei handelt es sich um Leistungen, die oftmals nicht planbar sind, je nach Erfordernis ausgef\u00fchrt oder kurzfristig durchgef\u00fchrt werden m\u00fcssen.<\/p>\n\n\n\n<div class=\"wp-block-group is-nowrap is-layout-flex wp-container-core-group-is-layout-ad2f72ca wp-block-group-is-layout-flex\">\n<p class=\"has-text-align-left\"><strong>Los 1<\/strong><\/p>\n<\/div>\n\n\n\n<div class=\"wp-block-file\"><a id=\"wp-block-file--media-fc90c379-d6d6-47f0-8c7f-11f0100e5f31\" href=\"https:\/\/wbv-trebel.wbv-mv.de\/wp-content\/uploads\/2025\/08\/Los-1-Uebersicht.pdf\">Los 1 \u00dcbersicht<\/a><\/div>\n\n\n\n<div class=\"wp-block-file\"><a id=\"wp-block-file--media-6daaf401-be70-4deb-9f8e-e16107835a84\" href=\"https:\/\/wbv-trebel.wbv-mv.de\/wp-content\/uploads\/2025\/08\/Los-1-Karte1-2.pdf\">Los 1, Karte1<\/a><\/div>\n\n\n\n<div class=\"wp-block-file\"><a id=\"wp-block-file--media-cfba32df-3430-4cd3-b8ca-2a31b4d5a7dd\" href=\"https:\/\/wbv-trebel.wbv-mv.de\/wp-content\/uploads\/2025\/08\/Los-1-Karte2-1.pdf\">Los 1, Karte2<\/a><\/div>\n\n\n\n<div class=\"wp-block-file\"><a id=\"wp-block-file--media-50fdb73b-7381-4eaf-9612-fee273f1ce05\" href=\"https:\/\/wbv-trebel.wbv-mv.de\/wp-content\/uploads\/2025\/08\/Los-1-Karte3-2.pdf\">Los 1, Karte3<\/a><\/div>\n\n\n\n<div class=\"wp-block-file\"><a id=\"wp-block-file--media-81c00a29-8931-40d1-96a7-4a7868f8e157\" href=\"https:\/\/wbv-trebel.wbv-mv.de\/wp-content\/uploads\/2025\/08\/Los-1-Karte4-1.pdf\">Los 1, Karte4<\/a><\/div>\n\n\n\n<p><strong>Los 2<\/strong><\/p>\n\n\n\n<div class=\"wp-block-file\"><a id=\"wp-block-file--media-4f8a3855-0bea-41f5-80a3-64a804e7206e\" href=\"https:\/\/wbv-trebel.wbv-mv.de\/wp-content\/uploads\/2025\/08\/Uebersicht-Los-2-1.pdf\">Los 2 \u00dcbersicht<\/a><\/div>\n\n\n\n<div class=\"wp-block-file\"><a id=\"wp-block-file--media-40851792-405e-4ce1-867f-394b623cac99\" href=\"https:\/\/wbv-trebel.wbv-mv.de\/wp-content\/uploads\/2025\/08\/Los-2-Karte-1-1.pdf\">Los 2 Karte 1<\/a><\/div>\n\n\n\n<div class=\"wp-block-file\"><a id=\"wp-block-file--media-6b7197d6-935d-4a82-bf98-1b1684911a0c\" href=\"https:\/\/wbv-trebel.wbv-mv.de\/wp-content\/uploads\/2025\/08\/Los-2-Karte-2-1.pdf\">Los 2 Karte 2<\/a><\/div>\n\n\n\n<div class=\"wp-block-file\"><a id=\"wp-block-file--media-bcc535bb-5bfc-460b-87ea-cf7805f963e0\" href=\"https:\/\/wbv-trebel.wbv-mv.de\/wp-content\/uploads\/2025\/08\/Los-2-Karte-3-1.pdf\">Los 2 Karte 3<\/a><\/div>\n\n\n\n<div class=\"wp-block-file\"><a id=\"wp-block-file--media-2a36fb9c-c46c-47dd-98d9-77479aeb35bb\" href=\"https:\/\/wbv-trebel.wbv-mv.de\/wp-content\/uploads\/2025\/08\/Los-2-Karte-4-1.pdf\">Los 2 Karte 4<\/a><\/div>\n\n\n\n<p><strong>Los 3<\/strong><\/p>\n\n\n\n<div class=\"wp-block-file\"><a id=\"wp-block-file--media-459f2195-bf63-40e8-86c5-011b91ac4720\" href=\"https:\/\/wbv-trebel.wbv-mv.de\/wp-content\/uploads\/2025\/08\/Los-3-Uebersicht-3.pdf\">Los 3 \u00dcbersicht<\/a><\/div>\n\n\n\n<div class=\"wp-block-file\"><a id=\"wp-block-file--media-ba032a7f-286c-4303-8e0b-568e7c143f4a\" href=\"https:\/\/wbv-trebel.wbv-mv.de\/wp-content\/uploads\/2025\/08\/Los-3-Karte-1-3.pdf\">Los 3 Karte 1<\/a><\/div>\n\n\n\n<div class=\"wp-block-file\"><a id=\"wp-block-file--media-808d8d9d-e4ed-4826-a84c-afe7a666ec3e\" href=\"https:\/\/wbv-trebel.wbv-mv.de\/wp-content\/uploads\/2025\/08\/Los-3-Karte-2-3.pdf\">Los 3 Karte 2<\/a><\/div>\n\n\n\n<div class=\"wp-block-file\"><a id=\"wp-block-file--media-2483b16c-7a89-4372-a809-4ad78fd49b50\" href=\"https:\/\/wbv-trebel.wbv-mv.de\/wp-content\/uploads\/2025\/08\/Los-3-Karte-3-1.pdf\">Los 3 Karte 3<\/a><\/div>\n\n\n\n<div class=\"wp-block-file\"><a id=\"wp-block-file--media-455f3ba9-d361-4648-9c22-3482b4b0e9c0\" href=\"https:\/\/wbv-trebel.wbv-mv.de\/wp-content\/uploads\/2025\/08\/Los-3-Karte-4-1.pdf\">Los 3 Karte 4<\/a><\/div>\n\n\n\n<div class=\"wp-block-file\"><a id=\"wp-block-file--media-dbec614a-db21-4ed7-acf2-1b01a56afb75\" href=\"https:\/\/wbv-trebel.wbv-mv.de\/wp-content\/uploads\/2025\/08\/Los-3-Karte-5.pdf\">Los 3 Karte 5<\/a><\/div>\n\n\n\n<div class=\"wp-block-file\"><a id=\"wp-block-file--media-5542af4a-4a12-4bb5-a007-c91cfb4dfb36\" href=\"https:\/\/wbv-trebel.wbv-mv.de\/wp-content\/uploads\/2025\/08\/Los-3-Karte-6.pdf\">Los 3 Karte 6<\/a><\/div>\n\n\n\n<p><strong>Los 4<\/strong><\/p>\n\n\n\n<div class=\"wp-block-file\"><a id=\"wp-block-file--media-6909d8d9-b151-4a00-becf-4293515f40cc\" href=\"https:\/\/wbv-trebel.wbv-mv.de\/wp-content\/uploads\/2025\/08\/Los-4-Uebersicht.pdf\">Los 4 \u00dcbersicht<\/a><\/div>\n\n\n\n<div class=\"wp-block-file\"><a id=\"wp-block-file--media-f8da41b9-d50a-4f0a-bebd-497a13b606b7\" href=\"https:\/\/wbv-trebel.wbv-mv.de\/wp-content\/uploads\/2025\/08\/Los-4-Karte-1.pdf\">Los 4 Karte 1<\/a><\/div>\n\n\n\n<div class=\"wp-block-file\"><a id=\"wp-block-file--media-782481e9-f452-4a21-b7a7-da5df4c065ab\" href=\"https:\/\/wbv-trebel.wbv-mv.de\/wp-content\/uploads\/2025\/08\/Los-4-Karte-2.pdf\">Los 4 Karte 2<\/a><\/div>\n\n\n\n<div class=\"wp-block-file\"><a id=\"wp-block-file--media-758fafbc-6c64-4b0d-8b08-d50b1b81155d\" href=\"https:\/\/wbv-trebel.wbv-mv.de\/wp-content\/uploads\/2025\/08\/Los-4-Karte-3.pdf\">Los 4 Karte 3<\/a><\/div>\n\n\n\n<div class=\"wp-block-file\"><a id=\"wp-block-file--media-cdd633ef-9984-47c8-9175-ef01ea99f2dc\" href=\"https:\/\/wbv-trebel.wbv-mv.de\/wp-content\/uploads\/2025\/08\/Los-4-Karte-4.pdf\">Los 4 Karte 4<\/a><\/div>\n\n\n\n<div class=\"wp-block-file\"><a id=\"wp-block-file--media-60d72057-08b9-441a-ab1f-973adc28ad43\" href=\"https:\/\/wbv-trebel.wbv-mv.de\/wp-content\/uploads\/2025\/08\/Los-4-Karte-5.pdf\">Los 4 Karte 5<\/a><\/div>\n\n\n\n<div class=\"wp-block-file\"><a id=\"wp-block-file--media-ee831764-0420-4686-bfb7-347256821746\" href=\"https:\/\/wbv-trebel.wbv-mv.de\/wp-content\/uploads\/2025\/08\/Los-4-Karte-6.pdf\">Los 4 Karte 6<\/a><\/div>\n\n\n\n<div class=\"wp-block-file\"><a id=\"wp-block-file--media-e7793b92-d42b-4bd3-8b7e-c77bf575ca46\" href=\"https:\/\/wbv-trebel.wbv-mv.de\/wp-content\/uploads\/2025\/08\/Los-4-Karte-7.pdf\">Los 4 Karte 7<\/a><\/div>\n\n\n\n<p><strong>Los 5<\/strong><\/p>\n\n\n\n<div class=\"wp-block-file\"><a id=\"wp-block-file--media-8416b8dc-69bf-4f68-bb71-e4767b49cff7\" href=\"https:\/\/wbv-trebel.wbv-mv.de\/wp-content\/uploads\/2025\/08\/Los-5-Uebersicht.pdf\">Los 5 \u00dcbersicht<\/a><\/div>\n\n\n\n<div class=\"wp-block-file\"><a id=\"wp-block-file--media-5296c77e-52ac-4bf6-9f9a-d5978ad2f4a8\" href=\"https:\/\/wbv-trebel.wbv-mv.de\/wp-content\/uploads\/2025\/08\/Los-5-Karte-1.pdf\">Los 5 Karte 1<\/a><\/div>\n\n\n\n<div class=\"wp-block-file\"><a id=\"wp-block-file--media-5c92a30f-0eac-4b71-a20c-8ed957ac25f7\" href=\"https:\/\/wbv-trebel.wbv-mv.de\/wp-content\/uploads\/2025\/08\/Los-5-Karte-2.pdf\">Los 5 Karte 2<\/a><\/div>\n\n\n\n<div class=\"wp-block-file\"><a id=\"wp-block-file--media-34cca347-2af4-4a05-8c62-eddc2d180871\" href=\"https:\/\/wbv-trebel.wbv-mv.de\/wp-content\/uploads\/2025\/08\/Los-5-Karte-3.pdf\">Los 5 Karte 3<\/a><\/div>\n\n\n\n<div class=\"wp-block-file\"><a id=\"wp-block-file--media-dea8b929-49f3-4bb2-8d8e-fba6983f9da8\" href=\"https:\/\/wbv-trebel.wbv-mv.de\/wp-content\/uploads\/2025\/08\/Los-5-Karte-4.pdf\">Los 5 Karte 4<\/a><\/div>\n\n\n\n<div class=\"wp-block-file\"><a id=\"wp-block-file--media-465ddf08-fd85-48fc-bc9f-35eaa5e69840\" href=\"https:\/\/wbv-trebel.wbv-mv.de\/wp-content\/uploads\/2025\/08\/Los-5-Karte-5.pdf\">Los 5 Karte 5<\/a><\/div>\n\n\n\n<div class=\"wp-block-file\"><a id=\"wp-block-file--media-cb691723-48a6-49ab-b0f0-d7eb1f171b93\" href=\"https:\/\/wbv-trebel.wbv-mv.de\/wp-content\/uploads\/2025\/08\/Los-5-Karte-6.pdf\">Los 5 Karte 6<\/a><\/div>\n\n\n\n<p><strong>Los 6<\/strong><\/p>\n\n\n\n<div class=\"wp-block-file\"><a id=\"wp-block-file--media-8b4c5d65-b602-4059-ad49-a6b367d3f05b\" href=\"https:\/\/wbv-trebel.wbv-mv.de\/wp-content\/uploads\/2025\/08\/Los-6-Uebersicht.pdf\">Los 6 \u00dcbersicht<\/a><\/div>\n\n\n\n<div class=\"wp-block-file\"><a id=\"wp-block-file--media-0e120828-bb49-4efb-9c2b-72f5bf4de934\" href=\"https:\/\/wbv-trebel.wbv-mv.de\/wp-content\/uploads\/2025\/08\/Los-6-Karte-1.pdf\">Los 6 Karte 1<\/a><\/div>\n\n\n\n<div class=\"wp-block-file\"><a id=\"wp-block-file--media-ebb5e8ca-f658-47e1-b426-13c9cac6c564\" href=\"https:\/\/wbv-trebel.wbv-mv.de\/wp-content\/uploads\/2025\/08\/Los-6-Karte-2.pdf\">Los 6 Karte 2<\/a><\/div>\n\n\n\n<div class=\"wp-block-file\"><a id=\"wp-block-file--media-baed4d8c-2dc4-48a9-ad22-f0923f98cea9\" href=\"https:\/\/wbv-trebel.wbv-mv.de\/wp-content\/uploads\/2025\/08\/Los-6-Karte-3.pdf\">Los 6 Karte 3<\/a><\/div>\n\n\n\n<div class=\"wp-block-file\"><a id=\"wp-block-file--media-7008f649-130d-492d-9d38-47c0585d7808\" href=\"https:\/\/wbv-trebel.wbv-mv.de\/wp-content\/uploads\/2025\/08\/Los-6-Karte-4.pdf\">Los 6 Karte 4<\/a><\/div>\n\n\n\n<div class=\"wp-block-file\"><a id=\"wp-block-file--media-f8a6bfa6-05ce-4702-9924-daef319b7b64\" href=\"https:\/\/wbv-trebel.wbv-mv.de\/wp-content\/uploads\/2025\/08\/Los-6-Karte-5.pdf\">Los 6 Karte 5<\/a><\/div>\n\n\n\n<div class=\"wp-block-file\"><a id=\"wp-block-file--media-b4f506b1-1998-4fe5-b706-8c3cf466eb0c\" href=\"https:\/\/wbv-trebel.wbv-mv.de\/wp-content\/uploads\/2025\/08\/Los-6-Karte-6.pdf\">Los 6 Karte 6<\/a><\/div>\n\n\n\n<div class=\"wp-block-file\"><a id=\"wp-block-file--media-f26caad4-c55e-4b3c-b0d6-c76c68bb52e8\" href=\"https:\/\/wbv-trebel.wbv-mv.de\/wp-content\/uploads\/2025\/08\/Los-6-Karte-7.pdf\">Los 6 Karte 7<\/a><\/div>\n\n\n\n<p><strong>Los 7<\/strong><\/p>\n\n\n\n<div class=\"wp-block-file\"><a id=\"wp-block-file--media-d32991ad-5945-40d1-8dae-bfb4121ca8b2\" href=\"https:\/\/wbv-trebel.wbv-mv.de\/wp-content\/uploads\/2025\/08\/Los-7-Uebersicht.pdf\">Los 7 \u00dcbersicht<\/a><\/div>\n\n\n\n<div class=\"wp-block-file\"><a id=\"wp-block-file--media-9f60a864-c680-4e1b-9294-80ad3dbcb703\" href=\"https:\/\/wbv-trebel.wbv-mv.de\/wp-content\/uploads\/2025\/08\/Los-7-Karte-1.pdf\">Los 7 Karte 1<\/a><\/div>\n\n\n\n<div class=\"wp-block-file\"><a id=\"wp-block-file--media-9914a458-831a-4746-862b-6243e4fc3341\" href=\"https:\/\/wbv-trebel.wbv-mv.de\/wp-content\/uploads\/2025\/08\/Los-7-Karte-2.pdf\">Los 7 Karte 2<\/a><\/div>\n\n\n\n<div class=\"wp-block-file\"><a id=\"wp-block-file--media-7b5c1945-1d7f-48fd-8dbe-6105bb258049\" href=\"https:\/\/wbv-trebel.wbv-mv.de\/wp-content\/uploads\/2025\/08\/Los-7-Karte-3.pdf\">Los 7 Karte 3<\/a><\/div>\n\n\n\n<div class=\"wp-block-file\"><a id=\"wp-block-file--media-dedec4bf-102d-4633-a25e-76a4d6d556d8\" href=\"https:\/\/wbv-trebel.wbv-mv.de\/wp-content\/uploads\/2025\/08\/Los-7-Karte-4.pdf\">Los 7 Karte 4<\/a><\/div>\n\n\n\n<div class=\"wp-block-file\"><a id=\"wp-block-file--media-a30515b2-0080-4fb7-9501-33ed49e6ef42\" href=\"https:\/\/wbv-trebel.wbv-mv.de\/wp-content\/uploads\/2025\/08\/Los-7-Karte-5.pdf\">Los 7 Karte 5<\/a><\/div>\n\n\n\n<div class=\"wp-block-file\"><a id=\"wp-block-file--media-b524e86b-3696-44da-8551-68abce874f2b\" href=\"https:\/\/wbv-trebel.wbv-mv.de\/wp-content\/uploads\/2025\/08\/Los-7-Karte-6.pdf\">Los 7 Karte 6<\/a><\/div>\n\n\n\n<p><\/p>\n","protected":false},"excerpt":{"rendered":"<p>Hier ist die geplante maschinelle Krautung der Gew\u00e4sser (2025), aufgegliedert nach Losen, einzusehen. Die sonstige Krautung (Handkrautung, Krautung mit Minibagger, Krautung in den Naturschutzgebieten) sowie weitere Unterhaltungsma\u00dfnahmen (u. a. Holzung, R\u00e4umung, Reparaturen an Rohrleitungen und B\u00f6schungen) sind nicht dargestellt. Hierbei handelt es sich um Leistungen, die oftmals nicht planbar sind, je nach Erfordernis ausgef\u00fchrt oder [&hellip;]<\/p>\n","protected":false},"author":2,"featured_media":0,"parent":0,"menu_order":0,"comment_status":"closed","ping_status":"closed","template":"","meta":{"footnotes":""},"class_list":["post-1322","page","type-page","status-publish","czr-hentry"],"_links":{"self":[{"href":"https:\/\/wbv-trebel.wbv-mv.de\/index.php?rest_route=\/wp\/v2\/pages\/1322","targetHints":{"allow":["GET"]}}],"collection":[{"href":"https:\/\/wbv-trebel.wbv-mv.de\/index.php?rest_route=\/wp\/v2\/pages"}],"about":[{"href":"https:\/\/wbv-trebel.wbv-mv.de\/index.php?rest_route=\/wp\/v2\/types\/page"}],"author":[{"embeddable":true,"href":"https:\/\/wbv-trebel.wbv-mv.de\/index.php?rest_route=\/wp\/v2\/users\/2"}],"replies":[{"embeddable":true,"href":"https:\/\/wbv-trebel.wbv-mv.de\/index.php?rest_route=%2Fwp%2Fv2%2Fcomments&post=1322"}],"version-history":[{"count":23,"href":"https:\/\/wbv-trebel.wbv-mv.de\/index.php?rest_route=\/wp\/v2\/pages\/1322\/revisions"}],"predecessor-version":[{"id":1459,"href":"https:\/\/wbv-trebel.wbv-mv.de\/index.php?rest_route=\/wp\/v2\/pages\/1322\/revisions\/1459"}],"wp:attachment":[{"href":"https:\/\/wbv-trebel.wbv-mv.de\/index.php?rest_route=%2Fwp%2Fv2%2Fmedia&parent=1322"}],"curies":[{"name":"wp","href":"https:\/\/api.w.org\/{rel}","templated":true}]}}